{"id":1828,"date":"2016-01-29T09:51:22","date_gmt":"2016-01-29T09:51:22","guid":{"rendered":"https:\/\/the7.io\/beauty-studio\/?page_id=2"},"modified":"2025-11-04T18:48:42","modified_gmt":"2025-11-04T18:48:42","slug":"home","status":"publish","type":"page","link":"https:\/\/locker-rut-nord.de\/","title":{"rendered":"Home"},"content":{"rendered":"<section class=\"wpb-content-wrapper\"><p>[vc_row full_width=&#8220;stretch_row&#8220; equal_height=&#8220;yes&#8220; css=&#8220;.vc_custom_1579527191622{padding-top: 70px !important;padding-bottom: 60px !important;background-color: #ffffff !important;}&#8220;][vc_column][vc_column_text]<\/p>\n<h4 style=\"text-align: center;\"><span class=\"auto-style2\"><strong>Liebe Freunde des Friesensports,<\/strong> <\/span><\/h4>\n<h4 style=\"text-align: center;\">auf den nachstehenden Seiten informieren wir \u00fcber den Friesensport.<br \/>\nNutzen Sie unsere umfangreichen Men\u00fcs um sich mit unserem Heimatsport, dem Bo\u00dfeln und Klootschie\u00dfen, vertraut zu machen.<\/h4>\n<p style=\"text-align: center;\">Wir w\u00fcnschen viel Spa\u00df beim St\u00f6bern!<\/p>\n<p>[\/vc_column_text][vc_row_inner equal_height=&#8220;yes&#8220; gap=&#8220;30&#8243; css=&#8220;.vc_custom_1575401232692{padding-right: 25px !important;padding-bottom: 60px !important;padding-left: 25px !important;}&#8220;][vc_column_inner width=&#8220;1\/3&#8243; css=&#8220;.vc_custom_1579639253163{padding-top: 30px !important;padding-right: 10% !important;padding-bottom: 30px !important;padding-left: 10% !important;background-color: #f5f5f5 !important;}&#8220;]<style type=\"text\/css\" data-type=\"the7_shortcodes-inline-css\">.icon-with-text-shortcode.icon-text-id-cba612014c8db384b626ad2270c8b298 .text-icon {\n  width: 32px;\n  height: 32px;\n  line-height: 32px;\n  font-size: 32px;\n  border-radius: 0px;\n  margin: 0px 0px 20px 0px;\n}\n.icon-with-text-shortcode.icon-text-id-cba612014c8db384b626ad2270c8b298 .text-icon .icon-inner {\n  min-width: 32px;\n  min-height: 32px;\n  border-radius: 0px;\n}\n@media all and (-ms-high-contrast: none) {\n  .icon-with-text-shortcode.icon-text-id-cba612014c8db384b626ad2270c8b298 .text-icon .icon-inner {\n    height: 32px;\n  }\n}\n.icon-with-text-shortcode.icon-text-id-cba612014c8db384b626ad2270c8b298 .text-icon .dt-hover-icon {\n  line-height: 32px;\n}\n.icon-with-text-shortcode.icon-text-id-cba612014c8db384b626ad2270c8b298 .text-icon:before,\n.icon-with-text-shortcode.icon-text-id-cba612014c8db384b626ad2270c8b298 .text-icon:after,\n.icon-with-text-shortcode.icon-text-id-cba612014c8db384b626ad2270c8b298 .text-icon .icon-inner:before,\n.icon-with-text-shortcode.icon-text-id-cba612014c8db384b626ad2270c8b298 .text-icon .icon-inner:after {\n  min-width: 100%;\n  min-height: 100%;\n  padding: inherit;\n  border-radius: inherit;\n}\n.icon-with-text-shortcode.icon-text-id-cba612014c8db384b626ad2270c8b298 .text-icon.dt-icon-border-on:before {\n  border-width: 0px;\n  border-style: solid;\n}\n.dt-icon-border-dashed.icon-with-text-shortcode.icon-text-id-cba612014c8db384b626ad2270c8b298 .text-icon.dt-icon-border-on:before {\n  border-style: dashed;\n}\n.dt-icon-border-dotted.icon-with-text-shortcode.icon-text-id-cba612014c8db384b626ad2270c8b298 .text-icon.dt-icon-border-on:before {\n  border-style: dotted;\n}\n.dt-icon-border-double.icon-with-text-shortcode.icon-text-id-cba612014c8db384b626ad2270c8b298 .text-icon.dt-icon-border-on:before {\n  border-style: double;\n}\n.icon-with-text-shortcode.icon-text-id-cba612014c8db384b626ad2270c8b298 .text-icon.dt-icon-border-dashed.dt-icon-border-on:before {\n  border-style: dashed;\n}\n.icon-with-text-shortcode.icon-text-id-cba612014c8db384b626ad2270c8b298 .text-icon.dt-icon-border-dotted.dt-icon-border-on:before {\n  border-style: dotted;\n}\n.icon-with-text-shortcode.icon-text-id-cba612014c8db384b626ad2270c8b298 .text-icon.dt-icon-border-double.dt-icon-border-on:before {\n  border-style: double;\n}\n.icon-with-text-shortcode.icon-text-id-cba612014c8db384b626ad2270c8b298 .text-icon.dt-icon-hover-border-on:after {\n  border-width: 0px;\n  border-style: solid;\n}\n.icon-with-text-shortcode.icon-text-id-cba612014c8db384b626ad2270c8b298 .text-icon.dt-icon-border-dashed.dt-icon-hover-border-on:after {\n  border-style: dashed;\n}\n.icon-with-text-shortcode.icon-text-id-cba612014c8db384b626ad2270c8b298 .text-icon.dt-icon-border-dotted.dt-icon-hover-border-on:after {\n  border-style: dotted;\n}\n.icon-with-text-shortcode.icon-text-id-cba612014c8db384b626ad2270c8b298 .text-icon.dt-icon-border-double.dt-icon-hover-border-on:after {\n  border-style: double;\n}\n.icon-with-text-shortcode.icon-text-id-cba612014c8db384b626ad2270c8b298 .text-icon.dt-icon-hover-on:hover {\n  font-size: 32px;\n}\n#page .icon-with-text-shortcode.icon-text-id-cba612014c8db384b626ad2270c8b298 .text-icon.dt-icon-hover-on:hover .soc-font-icon,\n#phantom .icon-with-text-shortcode.icon-text-id-cba612014c8db384b626ad2270c8b298 .text-icon.dt-icon-hover-on:hover .soc-font-icon,\n#page .icon-with-text-shortcode.icon-text-id-cba612014c8db384b626ad2270c8b298 .text-icon.dt-icon-hover-on:hover .soc-icon,\n#phantom .icon-with-text-shortcode.icon-text-id-cba612014c8db384b626ad2270c8b298 .text-icon.dt-icon-hover-on:hover .soc-icon {\n  color: #fff;\n  background: none;\n}\n.icon-with-text-shortcode.icon-text-id-cba612014c8db384b626ad2270c8b298.layout-1 {\n  grid-template-columns: 32px minmax(0,1fr);\n  grid-column-gap: 0px;\n}\n.icon-with-text-shortcode.icon-text-id-cba612014c8db384b626ad2270c8b298.layout-2 {\n  grid-template-columns: minmax(0,1fr) 32px;\n  grid-column-gap: 0px;\n}\n.icon-with-text-shortcode.icon-text-id-cba612014c8db384b626ad2270c8b298.layout-2 .text-icon {\n  margin-left: 0;\n}\n.icon-with-text-shortcode.icon-text-id-cba612014c8db384b626ad2270c8b298.layout-3 {\n  grid-template-columns: 32px minmax(0,1fr);\n}\n.icon-with-text-shortcode.icon-text-id-cba612014c8db384b626ad2270c8b298.layout-3 .dt-text-title {\n  margin-left: 0px;\n}\n.icon-with-text-shortcode.icon-text-id-cba612014c8db384b626ad2270c8b298 .dt-text-title {\n  margin-bottom: 10px;\n}\n.icon-with-text-shortcode.icon-text-id-cba612014c8db384b626ad2270c8b298 .dt-text-desc {\n  margin-bottom: 20px;\n}\n<\/style><div class=\"icon-with-text-shortcode  icon-text-id-cba612014c8db384b626ad2270c8b298 layout-5  \" ><a href=\"http:\/\/locker-rut-nord.de\/index.php\/about-studio\/\" title=\"Termine\" class=\"anchor-link text-icon dt-icon-bg-off dt-icon-hover-off\"><span class=\"icon-inner\"><i class=\"dt-regular-icon soc-icon fas fa-book-open\"><\/i><i class=\"dt-hover-icon soc-icon fas fa-book-open\"><\/i><\/span><\/a><h3 class=\"dt-text-title anchor-link\"><a class=\"anchor-link\"  href=\"http:\/\/locker-rut-nord.de\/index.php\/about-studio\/\" title=\"Termine\">Termine<\/a><\/h3><div class=\"dt-text-desc\">Hier findest du unsere Termine<\/div><a href=\"http:\/\/locker-rut-nord.de\/index.php\/about-studio\/\" class=\"anchor-link  default-btn-shortcode dt-btn dt-btn-s link-hover-off ico-right-side\"><span>Termine<\/span><i class=\"icomoon-the7-font-the7-arrow-29-2\"><\/i><\/a><\/div>[\/vc_column_inner][vc_column_inner width=&#8220;1\/3&#8243; css=&#8220;.vc_custom_1579639267447{padding-top: 30px !important;padding-right: 10% !important;padding-bottom: 30px !important;padding-left: 10% !important;background-color: #f5f5f5 !important;}&#8220;]<style type=\"text\/css\" data-type=\"the7_shortcodes-inline-css\">.icon-with-text-shortcode.icon-text-id-a279db0a24fd89cebd203dd4bd6e5e2d .text-icon {\n  width: 32px;\n  height: 32px;\n  line-height: 32px;\n  font-size: 32px;\n  border-radius: 0px;\n  margin: 0px 0px 20px 0px;\n}\n.icon-with-text-shortcode.icon-text-id-a279db0a24fd89cebd203dd4bd6e5e2d .text-icon .icon-inner {\n  min-width: 32px;\n  min-height: 32px;\n  border-radius: 0px;\n}\n@media all and (-ms-high-contrast: none) {\n  .icon-with-text-shortcode.icon-text-id-a279db0a24fd89cebd203dd4bd6e5e2d .text-icon .icon-inner {\n    height: 32px;\n  }\n}\n.icon-with-text-shortcode.icon-text-id-a279db0a24fd89cebd203dd4bd6e5e2d .text-icon .dt-hover-icon {\n  line-height: 32px;\n}\n.icon-with-text-shortcode.icon-text-id-a279db0a24fd89cebd203dd4bd6e5e2d .text-icon:before,\n.icon-with-text-shortcode.icon-text-id-a279db0a24fd89cebd203dd4bd6e5e2d .text-icon:after,\n.icon-with-text-shortcode.icon-text-id-a279db0a24fd89cebd203dd4bd6e5e2d .text-icon .icon-inner:before,\n.icon-with-text-shortcode.icon-text-id-a279db0a24fd89cebd203dd4bd6e5e2d .text-icon .icon-inner:after {\n  min-width: 100%;\n  min-height: 100%;\n  padding: inherit;\n  border-radius: inherit;\n}\n.icon-with-text-shortcode.icon-text-id-a279db0a24fd89cebd203dd4bd6e5e2d .text-icon.dt-icon-border-on:before {\n  border-width: 0px;\n  border-style: solid;\n}\n.dt-icon-border-dashed.icon-with-text-shortcode.icon-text-id-a279db0a24fd89cebd203dd4bd6e5e2d .text-icon.dt-icon-border-on:before {\n  border-style: dashed;\n}\n.dt-icon-border-dotted.icon-with-text-shortcode.icon-text-id-a279db0a24fd89cebd203dd4bd6e5e2d .text-icon.dt-icon-border-on:before {\n  border-style: dotted;\n}\n.dt-icon-border-double.icon-with-text-shortcode.icon-text-id-a279db0a24fd89cebd203dd4bd6e5e2d .text-icon.dt-icon-border-on:before {\n  border-style: double;\n}\n.icon-with-text-shortcode.icon-text-id-a279db0a24fd89cebd203dd4bd6e5e2d .text-icon.dt-icon-border-dashed.dt-icon-border-on:before {\n  border-style: dashed;\n}\n.icon-with-text-shortcode.icon-text-id-a279db0a24fd89cebd203dd4bd6e5e2d .text-icon.dt-icon-border-dotted.dt-icon-border-on:before {\n  border-style: dotted;\n}\n.icon-with-text-shortcode.icon-text-id-a279db0a24fd89cebd203dd4bd6e5e2d .text-icon.dt-icon-border-double.dt-icon-border-on:before {\n  border-style: double;\n}\n.icon-with-text-shortcode.icon-text-id-a279db0a24fd89cebd203dd4bd6e5e2d .text-icon.dt-icon-hover-border-on:after {\n  border-width: 0px;\n  border-style: solid;\n}\n.icon-with-text-shortcode.icon-text-id-a279db0a24fd89cebd203dd4bd6e5e2d .text-icon.dt-icon-border-dashed.dt-icon-hover-border-on:after {\n  border-style: dashed;\n}\n.icon-with-text-shortcode.icon-text-id-a279db0a24fd89cebd203dd4bd6e5e2d .text-icon.dt-icon-border-dotted.dt-icon-hover-border-on:after {\n  border-style: dotted;\n}\n.icon-with-text-shortcode.icon-text-id-a279db0a24fd89cebd203dd4bd6e5e2d .text-icon.dt-icon-border-double.dt-icon-hover-border-on:after {\n  border-style: double;\n}\n.icon-with-text-shortcode.icon-text-id-a279db0a24fd89cebd203dd4bd6e5e2d .text-icon.dt-icon-hover-on:hover {\n  font-size: 32px;\n}\n#page .icon-with-text-shortcode.icon-text-id-a279db0a24fd89cebd203dd4bd6e5e2d .text-icon.dt-icon-hover-on:hover .soc-font-icon,\n#phantom .icon-with-text-shortcode.icon-text-id-a279db0a24fd89cebd203dd4bd6e5e2d .text-icon.dt-icon-hover-on:hover .soc-font-icon,\n#page .icon-with-text-shortcode.icon-text-id-a279db0a24fd89cebd203dd4bd6e5e2d .text-icon.dt-icon-hover-on:hover .soc-icon,\n#phantom .icon-with-text-shortcode.icon-text-id-a279db0a24fd89cebd203dd4bd6e5e2d .text-icon.dt-icon-hover-on:hover .soc-icon {\n  color: #fff;\n  background: none;\n}\n.icon-with-text-shortcode.icon-text-id-a279db0a24fd89cebd203dd4bd6e5e2d.layout-1 {\n  grid-template-columns: 32px minmax(0,1fr);\n  grid-column-gap: 0px;\n}\n.icon-with-text-shortcode.icon-text-id-a279db0a24fd89cebd203dd4bd6e5e2d.layout-2 {\n  grid-template-columns: minmax(0,1fr) 32px;\n  grid-column-gap: 0px;\n}\n.icon-with-text-shortcode.icon-text-id-a279db0a24fd89cebd203dd4bd6e5e2d.layout-2 .text-icon {\n  margin-left: 0;\n}\n.icon-with-text-shortcode.icon-text-id-a279db0a24fd89cebd203dd4bd6e5e2d.layout-3 {\n  grid-template-columns: 32px minmax(0,1fr);\n}\n.icon-with-text-shortcode.icon-text-id-a279db0a24fd89cebd203dd4bd6e5e2d.layout-3 .dt-text-title {\n  margin-left: 0px;\n}\n.icon-with-text-shortcode.icon-text-id-a279db0a24fd89cebd203dd4bd6e5e2d .dt-text-title {\n  margin-bottom: 10px;\n}\n.icon-with-text-shortcode.icon-text-id-a279db0a24fd89cebd203dd4bd6e5e2d .dt-text-desc {\n  margin-bottom: 20px;\n}\n<\/style><div class=\"icon-with-text-shortcode  icon-text-id-a279db0a24fd89cebd203dd4bd6e5e2d layout-5  \" ><a href=\"http:\/\/locker-rut-nord.de\/index.php\/der-bosselsport\/\" title=\"Der Bo\u00dfelsport\" class=\"anchor-link text-icon dt-icon-bg-off dt-icon-hover-off\"><span class=\"icon-inner\"><i class=\"dt-regular-icon soc-icon fas fa-info\"><\/i><i class=\"dt-hover-icon soc-icon fas fa-info\"><\/i><\/span><\/a><h3 class=\"dt-text-title anchor-link\"><a class=\"anchor-link\"  href=\"http:\/\/locker-rut-nord.de\/index.php\/der-bosselsport\/\" title=\"Der Bo\u00dfelsport\">Der Bo\u00dfelsport<\/a><\/h3><div class=\"dt-text-desc\">Bo\u00dfeln ist ein besonders traditionsreicher Sport, der insbesondere in friesischen Gegenden ausge\u00fcbt wird!<\/div><a href=\"http:\/\/locker-rut-nord.de\/index.php\/der-bosselsport\/\" class=\"anchor-link  default-btn-shortcode dt-btn dt-btn-s link-hover-off ico-right-side\"><span>lese mehr<\/span><i class=\"icomoon-the7-font-the7-arrow-29-2\"><\/i><\/a><\/div>[\/vc_column_inner][vc_column_inner width=&#8220;1\/3&#8243; css=&#8220;.vc_custom_1579639274024{padding-top: 30px !important;padding-right: 10% !important;padding-bottom: 30px !important;padding-left: 10% !important;background-color: #f5f5f5 !important;}&#8220;]<style type=\"text\/css\" data-type=\"the7_shortcodes-inline-css\">.icon-with-text-shortcode.icon-text-id-3d8e518cb6dc906c6e9de6618058c341 .text-icon {\n  width: 32px;\n  height: 32px;\n  line-height: 32px;\n  font-size: 32px;\n  border-radius: 0px;\n  margin: 0px 0px 20px 0px;\n}\n.icon-with-text-shortcode.icon-text-id-3d8e518cb6dc906c6e9de6618058c341 .text-icon .icon-inner {\n  min-width: 32px;\n  min-height: 32px;\n  border-radius: 0px;\n}\n@media all and (-ms-high-contrast: none) {\n  .icon-with-text-shortcode.icon-text-id-3d8e518cb6dc906c6e9de6618058c341 .text-icon .icon-inner {\n    height: 32px;\n  }\n}\n.icon-with-text-shortcode.icon-text-id-3d8e518cb6dc906c6e9de6618058c341 .text-icon .dt-hover-icon {\n  line-height: 32px;\n}\n.icon-with-text-shortcode.icon-text-id-3d8e518cb6dc906c6e9de6618058c341 .text-icon:before,\n.icon-with-text-shortcode.icon-text-id-3d8e518cb6dc906c6e9de6618058c341 .text-icon:after,\n.icon-with-text-shortcode.icon-text-id-3d8e518cb6dc906c6e9de6618058c341 .text-icon .icon-inner:before,\n.icon-with-text-shortcode.icon-text-id-3d8e518cb6dc906c6e9de6618058c341 .text-icon .icon-inner:after {\n  min-width: 100%;\n  min-height: 100%;\n  padding: inherit;\n  border-radius: inherit;\n}\n.icon-with-text-shortcode.icon-text-id-3d8e518cb6dc906c6e9de6618058c341 .text-icon.dt-icon-border-on:before {\n  border-width: 0px;\n  border-style: solid;\n}\n.dt-icon-border-dashed.icon-with-text-shortcode.icon-text-id-3d8e518cb6dc906c6e9de6618058c341 .text-icon.dt-icon-border-on:before {\n  border-style: dashed;\n}\n.dt-icon-border-dotted.icon-with-text-shortcode.icon-text-id-3d8e518cb6dc906c6e9de6618058c341 .text-icon.dt-icon-border-on:before {\n  border-style: dotted;\n}\n.dt-icon-border-double.icon-with-text-shortcode.icon-text-id-3d8e518cb6dc906c6e9de6618058c341 .text-icon.dt-icon-border-on:before {\n  border-style: double;\n}\n.icon-with-text-shortcode.icon-text-id-3d8e518cb6dc906c6e9de6618058c341 .text-icon.dt-icon-border-dashed.dt-icon-border-on:before {\n  border-style: dashed;\n}\n.icon-with-text-shortcode.icon-text-id-3d8e518cb6dc906c6e9de6618058c341 .text-icon.dt-icon-border-dotted.dt-icon-border-on:before {\n  border-style: dotted;\n}\n.icon-with-text-shortcode.icon-text-id-3d8e518cb6dc906c6e9de6618058c341 .text-icon.dt-icon-border-double.dt-icon-border-on:before {\n  border-style: double;\n}\n.icon-with-text-shortcode.icon-text-id-3d8e518cb6dc906c6e9de6618058c341 .text-icon.dt-icon-hover-border-on:after {\n  border-width: 0px;\n  border-style: solid;\n}\n.icon-with-text-shortcode.icon-text-id-3d8e518cb6dc906c6e9de6618058c341 .text-icon.dt-icon-border-dashed.dt-icon-hover-border-on:after {\n  border-style: dashed;\n}\n.icon-with-text-shortcode.icon-text-id-3d8e518cb6dc906c6e9de6618058c341 .text-icon.dt-icon-border-dotted.dt-icon-hover-border-on:after {\n  border-style: dotted;\n}\n.icon-with-text-shortcode.icon-text-id-3d8e518cb6dc906c6e9de6618058c341 .text-icon.dt-icon-border-double.dt-icon-hover-border-on:after {\n  border-style: double;\n}\n.icon-with-text-shortcode.icon-text-id-3d8e518cb6dc906c6e9de6618058c341 .text-icon.dt-icon-hover-on:hover {\n  font-size: 32px;\n}\n#page .icon-with-text-shortcode.icon-text-id-3d8e518cb6dc906c6e9de6618058c341 .text-icon.dt-icon-hover-on:hover .soc-font-icon,\n#phantom .icon-with-text-shortcode.icon-text-id-3d8e518cb6dc906c6e9de6618058c341 .text-icon.dt-icon-hover-on:hover .soc-font-icon,\n#page .icon-with-text-shortcode.icon-text-id-3d8e518cb6dc906c6e9de6618058c341 .text-icon.dt-icon-hover-on:hover .soc-icon,\n#phantom .icon-with-text-shortcode.icon-text-id-3d8e518cb6dc906c6e9de6618058c341 .text-icon.dt-icon-hover-on:hover .soc-icon {\n  color: #fff;\n  background: none;\n}\n.icon-with-text-shortcode.icon-text-id-3d8e518cb6dc906c6e9de6618058c341.layout-1 {\n  grid-template-columns: 32px minmax(0,1fr);\n  grid-column-gap: 0px;\n}\n.icon-with-text-shortcode.icon-text-id-3d8e518cb6dc906c6e9de6618058c341.layout-2 {\n  grid-template-columns: minmax(0,1fr) 32px;\n  grid-column-gap: 0px;\n}\n.icon-with-text-shortcode.icon-text-id-3d8e518cb6dc906c6e9de6618058c341.layout-2 .text-icon {\n  margin-left: 0;\n}\n.icon-with-text-shortcode.icon-text-id-3d8e518cb6dc906c6e9de6618058c341.layout-3 {\n  grid-template-columns: 32px minmax(0,1fr);\n}\n.icon-with-text-shortcode.icon-text-id-3d8e518cb6dc906c6e9de6618058c341.layout-3 .dt-text-title {\n  margin-left: 0px;\n}\n.icon-with-text-shortcode.icon-text-id-3d8e518cb6dc906c6e9de6618058c341 .dt-text-title {\n  margin-bottom: 10px;\n}\n.icon-with-text-shortcode.icon-text-id-3d8e518cb6dc906c6e9de6618058c341 .dt-text-desc {\n  margin-bottom: 20px;\n}\n<\/style><div class=\"icon-with-text-shortcode  icon-text-id-3d8e518cb6dc906c6e9de6618058c341 layout-5  \" ><a href=\"http:\/\/locker-rut-nord.de\/index.php\/services\/\" title=\"Wir \u00fcber uns\" class=\"anchor-link text-icon dt-icon-bg-off dt-icon-hover-off\"><span class=\"icon-inner\"><i class=\"dt-regular-icon soc-icon fas fa-users\"><\/i><i class=\"dt-hover-icon soc-icon fas fa-users\"><\/i><\/span><\/a><h3 class=\"dt-text-title anchor-link\"><a class=\"anchor-link\"  href=\"http:\/\/locker-rut-nord.de\/index.php\/services\/\" title=\"Wir \u00fcber uns\">Wir \u00fcber uns!<\/a><\/h3><div class=\"dt-text-desc\">gegr\u00fcndet am 1.Januar 1976<\/div><a href=\"http:\/\/locker-rut-nord.de\/index.php\/services\/\" class=\"anchor-link  default-btn-shortcode dt-btn dt-btn-s link-hover-off ico-right-side\"><span>erfahre mehr<\/span><i class=\"icomoon-the7-font-the7-arrow-29-2\"><\/i><\/a><\/div>[\/vc_column_inner][\/vc_row_inner][\/vc_column][\/vc_row][vc_row full_width=&#8220;stretch_row&#8220; equal_height=&#8220;yes&#8220; content_placement=&#8220;middle&#8220; css=&#8220;.vc_custom_1579532107241{padding-top: 60px !important;padding-bottom: 40px !important;background-color: #ffffff !important;}&#8220;][vc_column css=&#8220;.vc_custom_1579704773501{padding-bottom: 20px !important;}&#8220; offset=&#8220;vc_col-lg-offset-0 vc_col-lg-4 vc_col-md-offset-0 vc_col-md-4&#8243;]<div id=\"ultimate-heading-404369f5b67d77553\" class=\"uvc-heading ult-adjust-bottom-margin ultimate-heading-404369f5b67d77553 uvc-9115 \" data-hspacer=\"no_spacer\"  data-halign=\"center\" style=\"text-align:center\"><div class=\"uvc-heading-spacer no_spacer\" style=\"top\"><\/div><div class=\"uvc-main-heading ult-responsive\"  data-ultimate-target='.uvc-heading.ultimate-heading-404369f5b67d77553 h2'  data-responsive-json-new='{\"font-size\":\"desktop:30px;\",\"line-height\":\"desktop:40px;\"}' ><h2 style=\"--font-weight:theme;\">1. Vorsitzender<\/h2><\/div><div class=\"uvc-sub-heading ult-responsive\"  data-ultimate-target='.uvc-heading.ultimate-heading-404369f5b67d77553 .uvc-sub-heading '  data-responsive-json-new='{\"font-size\":\"\",\"line-height\":\"\"}'  style=\"font-weight:normal;\">Harald Boelsums<\/div><\/div>[\/vc_column][vc_column css=&#8220;.vc_custom_1579704852240{padding-bottom: 20px !important;}&#8220; offset=&#8220;vc_col-lg-4 vc_col-md-4 vc_col-xs-12&#8243;]<div id=\"ultimate-heading-310069f5b67d7757b\" class=\"uvc-heading ult-adjust-bottom-margin ultimate-heading-310069f5b67d7757b uvc-2997 accent-subtitle-color\" data-hspacer=\"no_spacer\"  data-halign=\"center\" style=\"text-align:center\"><div class=\"uvc-heading-spacer no_spacer\" style=\"top\"><\/div><div class=\"uvc-main-heading ult-responsive\"  data-ultimate-target='.uvc-heading.ultimate-heading-310069f5b67d7757b h2'  data-responsive-json-new='{\"font-size\":\"desktop:30px;\",\"line-height\":\"desktop:40px;\"}' ><h2 style=\"--font-weight:theme;margin-bottom:5px;\">Email<\/h2><\/div><div class=\"uvc-sub-heading ult-responsive\"  data-ultimate-target='.uvc-heading.ultimate-heading-310069f5b67d7757b .uvc-sub-heading '  data-responsive-json-new='{\"font-size\":\"desktop:18px;\",\"line-height\":\"desktop:28px;\"}'  style=\"font-weight:normal;\">boelsums@vodafonemail.de<\/div><\/div>[\/vc_column][vc_column css=&#8220;.vc_custom_1579704787460{padding-bottom: 20px !important;}&#8220; offset=&#8220;vc_col-lg-4 vc_col-md-4 vc_col-xs-12&#8243;]<style type=\"text\/css\" data-type=\"the7_shortcodes-inline-css\">#default-btn-8aca3970f1d984bf5ed0175d9b67b1b0.ico-right-side > i {\n  margin-right: 0px;\n  margin-left: 10px;\n}\n#default-btn-8aca3970f1d984bf5ed0175d9b67b1b0 > i {\n  margin-right: 10px;\n}\n<\/style><div class=\"btn-align-center\"><a href=\"http:\/\/locker-rut-nord.de\/index.php\/contact\/\" class=\"default-btn-shortcode dt-btn dt-btn-l link-hover-off ico-right-side  vc_custom_1587555147132\" id=\"default-btn-8aca3970f1d984bf5ed0175d9b67b1b0\" style=\"width:280px;\" title=\"Kontakt\"><span>Kontakformular<\/span><i class=\"icomoon-the7-font-the7-mail-05\"><\/i><\/a><\/div>[\/vc_column][\/vc_row]<\/p>\n<\/section>","protected":false},"excerpt":{"rendered":"<p>[vc_row full_width=&#8220;stretch_row&#8220; equal_height=&#8220;yes&#8220; css=&#8220;.vc_custom_1579527191622{padding-top: 70px !important;padding-bottom: 60px !important;background-color: #ffffff !important;}&#8220;][vc_column][vc_column_text] Liebe Freunde des Friesensports, auf den nachstehenden Seiten informieren wir \u00fcber den Friesensport. Nutzen Sie unsere umfangreichen Men\u00fcs um sich mit unserem Heimatsport, dem Bo\u00dfeln und Klootschie\u00dfen, vertraut zu machen. Wir w\u00fcnschen viel Spa\u00df beim St\u00f6bern! [\/vc_column_text][vc_row_inner equal_height=&#8220;yes&#8220; gap=&#8220;30&#8243; css=&#8220;.vc_custom_1575401232692{padding-right: 25px !important;padding-bottom: 60px !important;padding-left: 25px&hellip;<\/p>\n","protected":false},"author":1,"featured_media":0,"parent":0,"menu_order":0,"comment_status":"closed","ping_status":"closed","template":"","meta":{"footnotes":""},"class_list":["post-1828","page","type-page","status-publish","hentry","description-off"],"_links":{"self":[{"href":"https:\/\/locker-rut-nord.de\/index.php\/wp-json\/wp\/v2\/pages\/1828","targetHints":{"allow":["GET"]}}],"collection":[{"href":"https:\/\/locker-rut-nord.de\/index.php\/wp-json\/wp\/v2\/pages"}],"about":[{"href":"https:\/\/locker-rut-nord.de\/index.php\/wp-json\/wp\/v2\/types\/page"}],"author":[{"embeddable":true,"href":"https:\/\/locker-rut-nord.de\/index.php\/wp-json\/wp\/v2\/users\/1"}],"replies":[{"embeddable":true,"href":"https:\/\/locker-rut-nord.de\/index.php\/wp-json\/wp\/v2\/comments?post=1828"}],"version-history":[{"count":13,"href":"https:\/\/locker-rut-nord.de\/index.php\/wp-json\/wp\/v2\/pages\/1828\/revisions"}],"predecessor-version":[{"id":2262,"href":"https:\/\/locker-rut-nord.de\/index.php\/wp-json\/wp\/v2\/pages\/1828\/revisions\/2262"}],"wp:attachment":[{"href":"https:\/\/locker-rut-nord.de\/index.php\/wp-json\/wp\/v2\/media?parent=1828"}],"curies":[{"name":"wp","href":"https:\/\/api.w.org\/{rel}","templated":true}]}}